is the units digit of (-42)/70 + (-66)/u?
6
Suppose 15*j + 147 = 5*q + 11*j, 0 = 5*j - 10. Let d(k) = k**3 - 30*k**2 - 30*k + 97. What is the units digit of d(q)?
8
What is the tens digit of 51*(-34)/(-578) - (0 - 1*7863)?
6
Let r be (-569)/(-3) - (-1)/3. Let m = r + -39. Let h = m - 68. What is the tens digit of h?
8
Let f(a) = 6*a**2 + 12*a + 8. Let o(n) = -n**2 - n. Let g(h) = -f(h) - 5*o(h). Let c be g(-5). Suppose 0 = -c*b - 4*b + 270. What is the tens digit of b?
4
Let w(z) = z**3 + 14*z**2 + 12*z - 8. Let v be w(-13). Let y(p) = p**2 - 11*p + 15. Let h be y(v). Let d = 24 - h. What is the units digit of d?
9
Let m = -63 - -66. Let n be (4/(-3))/((-2)/m*1). Suppose n*i = -9*i + 55. What is the units digit of i?
5
Suppose 0 = -4*h + 4*r + 28, -103 + 129 = 4*h - 3*r. Let s(v) = -6 - 5 + 1 + 55*v. What is the tens digit of s(h)?
6
What is the units digit of 1844752/224 - 3/(-2)?
7
Let i be 110/15*3/2 - 0. Suppose 0 = i*f + 3*f - 5922. What is the units digit of f?
3
Suppose -10*a + z + 772 = -6*a, 3*a - 2*z = 574. Let v = -80 + 387. Let l = v - a. What is the hundreds digit of l?
1
Suppose -5*l - 2*c = 1500, 11*l - 1505 = 16*l + c. Let u = l + 685. What is the tens digit of u?
8
Let f(d) = 2*d**3 - 6*d**2 - 7*d + 39. Let h(l) = -l**2 - 9*l - 9. Let a be h(-6). What is the hundreds digit of f(a)?
9
Let h = -262 + 141. Let a = h + 130. What is the units digit of a?
9
Suppose 3*w + 2*t - t - 7 = 0, -5*t = -5. Suppose 0 = 2*v + 10, p + v - w*v + 10 = 0. What is the tens digit of p/6*492/(-15)?
8
Let l(s) = -6*s**3 - 3*s**2 - 2*s + 217. What is the thousands digit of l(-16)?
4
Suppose 3*p + 2*v - 93477 = 153070, -4*p + 328718 = -3*v. What is the thousands digit of p?
2
Suppose -26*m + 38 + 274 = 0. Suppose 150 = m*t + 42. What is the units digit of t?
9
Suppose 2*i - 3*b = 7*i - 9325, -3*i + 5*b = -5629. What is the tens digit of i?
6
Let h = 1467 - -28271. What is the ten thousands digit of h?
2
Let x(h) = -7 + 6*h**2 - 3*h + h + 6*h + 22*h**2. Let l = 136 + -134. What is the tens digit of x(l)?
1
Let r = 17315 - 4893. Suppose -12*z - 362 + r = 0. What is the tens digit of z?
0
Suppose 5*t = -5, -4*t + 6*t = 2*l - 856. Let k be (1 - -2) + -3 + l. Let r = k + -299. What is the tens digit of r?
2
Suppose 2*g + 2 = 0, 8024 = r + 25*g - 29*g. What is the hundreds digit of r?
0
What is the units digit of (-18)/(-72)*74180*(3/5 + 0)?
7
Let t(a) = 16 + 10*a - 9*a**3 + 3*a**3 + a**3 + 2*a**3 - 3*a**2. What is the units digit of t(-5)?
6
Suppose 152 = 1780*m - 1784*m. Let y be (-2)/1 + -54 + 1. Let f = m - y. What is the tens digit of f?
1
Let r(u) = 10*u**2 + 14*u + 31. What is the thousands digit of r(39)?
5
Let m(t) = -t**3 + 3*t**2 - 6*t - 10. Let w(s) = 7*s - 89. Let g be w(12). What is the units digit of m(g)?
0
Suppose -117816 = -14*c + 65234. What is the units digit of c?
5
Suppose -22*p = -839509 - 585475. What is the thousands digit of p?
4
Suppose 491 = n + 5*r, -1027 = -0*n - 2*n - r. Suppose 0 = 5*b - 2*q - 851, 0 = -0*b + 3*b - 3*q - n. What is the tens digit of b?
6
Suppose 3*y + 2*v = 0, 38*v - 26*v = 3*y + 84. Let k(d) be the third derivative of -7*d**4/6 + d**3/3 - d**2. What is the units digit of k(y)?
4
Suppose -4*d - 5*r + 36397 = 0, -3*d + 9*r + 27306 = 10*r. What is the thousands digit of d?
9
Let m be ((-1)/(-3))/((-47)/12 - -4). Suppose -6*w = -m*w + 6. What is the tens digit of (w/2)/((-2)/92)?
6
Let a(v) = 16*v**2 - 3*v - 3. Let w be a(-5). Let s = 496 - w. What is the tens digit of s?
8
Suppose -2458 = -p + 2*j, 10*p - 13*p + 5*j + 7373 = 0. What is the thousands digit of p?
2
Suppose -3671173 - 321870 = -325*d + 2063657. What is the hundreds digit of d?
6
Let z = -6946 + 12928. What is the hundreds digit of z?
9
Let g(x) = 2*x**2 + 8*x - 1. Let d be g(6). Suppose 76*b - 170 = 2*z + 77*b, 5*z + 452 = 2*b. Let q = z + d. What is the tens digit of q?
3
Let c = -5060 - -17052. What is the thousands digit of c?
1
Let y(v) = v**3 - 6*v**2 + 4*v + 7. Let a be y(5). Suppose t - 11*j - 886 = -10*j, 2660 = 3*t - 4*j. Suppose a*k + t = 19*k. What is the units digit of k?
2
Suppose -11201 + 47911 = 2*c - 3*m, -c + 2*m = -18354. What is the ten thousands digit of c?
1
Let q(w) be the second derivative of 27*w**5/20 + w**4/3 - w**3/2 - w**2 + 2*w - 12. What is the tens digit of q(2)?
2
Suppose 147269 + 89053 + 39928 = 25*j. What is the hundreds digit of j?
0
Let i(r) = r**3 - 3*r**2 - 4*r + 9. Let m be i(4). Suppose 1558 = m*s - 539. What is the units digit of s?
3
Let x = 19439 + -13279. What is the thousands digit of x?
6
Let r(o) = -3*o**2 - 11*o. Let j(s) = 6*s**2 + 23*s. Let q(f) = -3*j(f) - 7*r(f). Let v be 2/5 - (-288)/80. What is the units digit of q(v)?
0
Let i(q) be the first derivative of -q**4/4 - q**3/3 + 5*q**2 - 3*q - 45. Let h be i(3). Let y(d) = -12*d - 14. What is the units digit of y(h)?
4
Suppose -45 = -25*n + 22*n. Suppose -n*u + 4623 = 303. What is the hundreds digit of u?
2
Let k = 30566 - 4706. What is the hundreds digit of k?
8
Let i(q) = 4*q - 1. Let g be i(2). Let o(t) = -6*t**2 + 53*t + 12. Let u be o(9). Suppose -g*h = -5*z - u*h + 1308, 3*h = -6. What is the units digit of z?
0
Let w = 5064 + -2569. Let f = w + -1607. What is the units digit of f?
8
Let i(o) = -4*o + 58. Let m be i(14). Suppose -1531 = -4*t + 2*k + 21, -m*t - 4*k = -756. What is the units digit of t?
6
Let u(l) = -6*l**3 - 11*l**2 + 10*l + 1. What is the tens digit of u(-8)?
8
What is the units digit of (8585/25 - 11)*15?
6
What is the units digit of (8/18)/(-2) + 13264124/2412?
9
Let k be 28/5 + (-10)/(-25). Suppose -15*v - 14*v + 108837 = 0. What is the units digit of v/21 - (36/(-21))/k?
9
What is the hundreds digit of (-31715)/(-3) + 6 - ((-25)/(-15) + -1)?
5
Suppose 3*d = 3*i - 0*d + 3, -5*i - 5*d + 25 = 0. Let c(k) = 4*k**i - 6*k + 5 + 4 + 22*k - 1. What is the units digit of c(-6)?
6
Let f be 472/3*(2 + 115/10). Let u = f + -669. What is the thousands digit of u?
1
Let g(l) = -4*l - 11. Let i(b) = 12*b + 32. Let p(a) = 11*g(a) + 4*i(a). Let k be p(-2). Let w = k + 68. What is the tens digit of w?
6
Suppose 23*s = 919 + 346. Suppose 48 = s*c - 53*c. What is the tens digit of c?
2
Let n(q) = 144*q**2 - 47*q + 284. What is the thousands digit of n(6)?
5
Let m(k) be the third derivative of -k**6/120 - k**5/12 + k**4/3 - k**3/2 - 3*k**2. Let j be m(-10). Suppose -o - 2*o + j = 0. What is the tens digit of o?
3
Let a be 138/14 + 3/(-63)*-3. Let l(b) = b**2 + 2*b + 118. What is the tens digit of l(a)?
3
Suppose 0 = -6*l + 46*l - 674000. Suppose l = -52*d + 77*d. What is the tens digit of d?
7
Let b be (-2 - (2 + -85)) + 1. Let k be 9/(-12) - (-2)/8*-85. Let t = b + k. What is the tens digit of t?
6
Let m(n) = -n**2 + 9*n + 4. Let h be m(9). Suppose -4*o + 4*x = -x - 1539, -h*x = -20. What is the units digit of o?
1
Let i = 574 + -546. Suppose 3*c - 5*v - 577 = 0, -5*v + 151 = c - i. What is the tens digit of c?
8
Let i(n) = 636*n + 19. Let h be i(2). Suppose -4*a + 2*r + 1030 = 0, h = 5*a - 0*a + r. What is the tens digit of a?
5
Let q(y) = 353*y - 154. What is the units digit of q(6)?
4
Let w(j) = -5*j - 60. Let o be w(5). What is the units digit of 948*(o/30)/17*-8?
4
Let b(m) = 10983*m**2 + 13*m - 2. What is the units digit of b(1)?
4
Let j(a) = -a**3 + 7*a**2 - 2*a + 7. Let q be j(7). Let n = q + 123. What is the units digit of (-4)/((-16)/n)*1?
9
Let p(o) be the first derivative of 37*o**3 + 10*o**2 - 2*o + 109. What is the units digit of p(3)?
7
Let s = 65 - -39. Let t = 24 - s. Let f = t - -255. What is the tens digit of f?
7
What is the units digit of ((-2)/(-4)*4133)/(1/2)?
3
Let l(d) = -2548*d - 395. What is the hundreds digit of l(-1)?
1
Suppose -44*n + 14850 = -35*n. Suppose -n = 22*v - 28*v. What is the tens digit of v?
7
Let x(y) = -2*y**2 - 10*y + 4. Let f be x(-5). Let j be 92/(-88)*-4 + f/(-22). Suppose -j*z = 3*v - 754 + 80, 238 = v - 2*z. What is the tens digit of v?
3
Let a be -7*(30/21)/(-1). What is the hundreds digit of (a/15)/((-1842)/1845 + 1)?
4
Suppose -134*h + 871116 - 358450 + 619366 = 0. What is the tens digit of h?
4
Let m(p) = -54*p**3 - 21*p**2 - 3*p - 2. What is the hundreds digit of m(-3)?
2
Let j = -74561 + 125891. What is the tens digit of j?
3
Let a = 93 - 93. Suppose -17*g + 2518 + 7393 = a. What is